ase 5
23344244
What is 835180 (base 16) in base 14?
1200480
What is -15633343 (base 7) in base 16?
-173590
What is -28e95 (base 16) in base 14?
-450d7
What is 4534401 (base 6) in base 9?
381041
4636441 (base 10) to base 5
2141331231
13821 (base 15) to base 2
1111010001110101
-17217545 (base 8) to base 9
-7474744
What is 32347 (base 14) in base 8?
355053
What is 1598dc (base 15) in base 3?
1222002022100
54413422 (base 6) to base 15
21ecc5
Convert 489db (base 16) to base 2.
1001000100111011011
Convert -231231212221 (base 4) to base 3.
-211112210221221
Convert -402061 (base 7) to base 11.
-4706a
Convert 21320330 (base 5) to base 4.
230210332
What is 1a5008 (base 11) in base 2?
1001100101100001100
523412 (base 8) to base 5
21030314
What is -11a00b (base 15) in base 10?
-843761
-430132124 (base 5) to base 14
-34caa0
-2248 (base 14) to base 6
-43304
-146283 (base 10) to base 13
-51777
What is -27c53a (base 15) in base 9?
-3537551
What is -2232217 (base 8) in base 3?
-1010122112200
Convert 10111011011011011 (base 2) to base 7.
546530
Convert -1d05 (base 15) to base 7.
-24245
Convert 9765aa6 (base 11) to base 4.
1001133032001
Convert 730599 (base 10) to base 14.
150379
Convert 1990a8 (base 11) to base 15.
6052c
41323432 (base 5) to base 13
bb547
What is -13caf (base 16) in base 11?
-55a01
What is 61e7d5 (base 15) in base 8?
21605434
Convert 360732 (base 10) to base 7.
3031461
-1268852 (base 10) to base 7
-13533164
-10baa3 (base 13) to base 16
-60fe3
What is 4134620 (base 11) in base 12?
253ab76
Convert 627444 (base 9) to base 2.
1011011000010010011
What is -2d435 (base 15) in base 7?
-1145606
Convert 114f2b (base 16) to base 12.
468577
Convert 5621505 (base 11) to base 16.
966166
Convert 10111110110010011 (base 2) to base 4.
113312103
What is -6510471 (base 9) in base 16?
-354418
Convert -28452 (base 10) to base 13.
-cc48
Convert -8d3213 (base 14) to base 6.
-251035253
Convert 10504445 (base 6) to base 5.
40213403
What is -131263233 (base 7) in base 9?
-16725643
What is 5044422 (base 6) in base 13?
85010
346a4 (base 15) to base 14
44b5d
What is -544051 (base 6) in base 15?
-d4c4
ec70a (base 15) to base 3
1102010221201
What is 32323240 (base 6) in base 11?
5a6111
What is 38463 (base 14) in base 15?
2ad9b
Convert 45165653 (base 7) to base 14.
73cdd3
What is 431110 (base 6) in base 7?
204525
What is -326a96 (base 11) in base 2?
-1111111011000001000
What is 1710746 (base 8) in base 11?
309802
Convert -1681516 (base 9) to base 2.
-11100101010101101100
Convert 54a82 (base 12) to base 14.
2cc14
What is b3b868 (base 12) in base 13?
779504
What is -236102531 (base 7) in base 9?
-30631332
-2a863a (base 11) to base 14
-c6c89
What is -112946 (base 13) in base 11?
-2579a4
Convert aab405 (base 13) to base 7.
46124665
What is 1897 (base 15) in base 5?
132232
132343503 (base 6) to base 10
2642079
Convert 2747bb (base 12) to base 2.
10011110111001111111
Convert 3762410 (base 8) to base 7.
11565642
What is -14899 (base 15) in base 8?
-201025
What is 187228 (base 12) in base 13?
11c558
1111010101010011110 (base 2) to base 8
1725236
Convert 767112 (base 8) to base 11.
166601
-16117690 (base 10) to base 5
-13111231230
Convert d0021 (base 15) to base 5.
132030111
Convert -1811330 (base 10) to base 11.
-1027974
What is -403561 (base 8) in base 16?
-20771
cf7c (base 16) to base 2
1100111101111100
What is 458460 (base 9) in base 5?
32301321
What is -5e586c (base 15) in base 16?
-450972
What is -25432646 (base 7) in base 4?
-20310021320
What is 1ad826 (base 15) in base 9?
2417730
283348 (base 11) to base 4
1230103312
What is -110435051 (base 7) in base 5?
-3201231101
3955a (base 11) to base 16
dcfc
-271403 (base 8) to base 12
-46b6b
What is -186282 (base 11) in base 10?
-286497
What is 152751 (base 14) in base 11?
463660
-1cb1b5 (base 16) to base 3
-10112112120012
74215 (base 14) to base 6
10001403
What is 184510 (base 11) in base 3?
112102201221
315666 (base 9) to base 7
1411545
What is 193781 (base 11) in base 4?
1020230111
-300b14 (base 14) to base 11
-a0394a
-234e (base 15) to base 16
-1d4b
What is -10281648 (base 10) in base 15?
-d81633
77064 (base 8) to base 6
405324
What is 1710204 (base 11) in base 14?
55bc4d
What is -11001010100110110000 (base 2) in base 15?
-115d4c
-1891871 (base 10) to base 9
-3503138
What is -1312101011 (base 4) in base 9?
-817445
Convert -1012122000102 (base 3) to base 12.
-26b818
What is -35656 (base 13) in base 4?
-113313121
301314136 (base 7) to base 13
3807103
What is -10010111010110111110000 (base 2) in base 16?
-4badf0
1265b1b (base 13) to base 5
2433104004
1be97f (base 16) to base 6
103112423
1ab285 (base 12) to base 4
1310013011
-5014346 (base 7) to base 5
-122422244
180b87 (base 12) to base 10
416407
Convert -21425154 (base 7) to base 11.
-1046386
1000202121202212 (base 3) to base 4
320102033222
342941b (base 12) to base 11
5718381
Convert -220221111102 (base 3) to base 13.
-142628
-869328 (base 11) to base 6
-45432454
-10101100010100 (base 2) to base 10
-11028
Convert 75154502 (base 8) to base 10.
16046402
Convert -58345 (base 15) to base 3.
-112021021102
-125139 (base 14) to base 3
-1011221022100
What is 2046515 (base 7) in base 8?
742661
What is 2602263 (base 9) in base 10?
1418853
Convert -1100413020 (base 5) to base 4.
-20333200030
-1036440 (base 13) to base 7
-56605455
What is -9c00ca (base 13) in base 12?
-1298307
What is 100132002 (base 4) in base 2?
10000011110000010
-cbc40 (base 15) to base 7
-5334264
What is -33203333211 (base 4) in base 14?
-782a33
What is 204023141 (base 5) in base 4?
3032121231
What is 4e872 (base 15) in base 6?
5221025
What is 32af1d (base 16) in base 10?
3321629
What is -18b49 (base 13) in base 8?
-135671
What is 22340655 (base 7) in base 2?
111011010010011010111
Convert -2120020101112 (base 3) to base 8.
-5145541
What is -110000011110111100 (base 2) in base 3?
-101002102010
Convert -4056475 (base 8) to base 6.
-34553005
What is 6be0e0 (base 15) in base 10?
5160585
What is -121834 (base 10) in base 8?
-355752
What is 1001100110110111111100 (base 2) in base 4?
21212313330
What is -2004 (base 11) in base 14?
-d86
What is 53621363 (base 8) in base 10?
11477747
What is 12010200121 (base 3) in base 2?
11000101011110000
2154405 (base 6) to base 5
11433311
414024424 (base 6) to base 12
24a8114
-a863 (base 13) to base 12
-11663
What is -11101121021 (base 3) in base 16?
-151bd
Convert d5b0b (base 14) to base 9.
864760
254c (base 15) to base 10
7947
-a0996 (base 11) to base 5
-14210404
436074 (base 12) to base 2
100000100101111011000
Convert 331521 (base 13) to base 5.
301441011
What is -76dab6 (base 16) in base 11?
-4440196
What is -1013023032 (base 4) in base 13?
-a2909
Convert -321427 (base 10) to base 3.
-121022220201
-103020111 (base 4) to base 8
-231025
-44c00 (base 15) to base 4
-311121030
Convert -111144111 (base 5) to base 3.
-220220212211
Convert 1b636 (base 14) to base 5.
4213244
Convert 144260603 (base 7) to base 5.
4422443021
Convert -191a79 (base 14) to base 9.
-1603557
Convert 4226487 (base 11) to base 8.
34317261
Convert -10110110323 (base 4) to base 2.
-100010100010100111011
Convert 6481 (base 9) to base 15.
1631
What is -41541354 (base 6) in base 14?
-237394
What is 21121020221 (base 3) in base 11?
a246a
What is 6a3690 (base 12) in base 8?
6405014
-2252b (base 13) to base 16
-f3be
30443353 (base 6) to base 12
363559
What is -15230530 (base 8) in base 4?
-31103011120
56710 (base 9) to base 3
1220210100
Convert -9070273 (base 10) to base 12.
-3055001
201101310 (base 4) to base 13
4a073
-1101001110111010000111 (base 2) to base 14
-664291
-155200 (base 6) to base 12
-8b00
Convert -5d471 (base 16) to base 15.
-78310
2ab8b (base 13) to base 5
10043231
Convert 19065 (base 13) to base 3.
2110102020
Convert 1a072 (base 12) to base 10.
38102
Convert ca7b46 (base 15) to base 2.
100100110010101101110100
Convert 1312110 (base 4) to base 12.
4470
What is 70436 (base 9) in base 5?
2440114
-1225122 (base 10) to base 3
-2022020112220
100120110 (base 3) to base 13
323a
Convert 2110210211 (base 3) to base 2.
1011111000111111
6011105 (base 9) to base 16
30c476
What is 186895 (base 10) in base 3?
100111101001
Convert -283868 (base 10) to base 13.
-9c290
183338 (base 11) to base 13
9b808
What is 37c293 (base 13) in